hen 16177 is divided by 774.
697
Calculate the remainder when 143099 is divided by 198.
143
What is the remainder when 368646 is divided by 687?
414
What is the remainder when 9863099 is divided by 20?
19
Calculate the remainder when 268020 is divided by 89328.
36
What is the remainder when 29762997 is divided by 5?
2
What is the remainder when 1389026 is divided by 3777?
2867
What is the remainder when 2779456 is divided by 49?
29
Calculate the remainder when 929688 is divided by 534.
528
What is the remainder when 620640 is divided by 28210?
20
What is the remainder when 149078775 is divided by 121?
120
What is the remainder when 63441966 is divided by 10573659?
12
What is the remainder when 797141 is divided by 2252?
2185
Calculate the remainder when 9969948 is divided by 524734.
2
Calculate the remainder when 4173980 is divided by 1232.
1196
Calculate the remainder when 15461062 is divided by 118.
112
What is the remainder when 4321744 is divided by 288106?
154
What is the remainder when 26012334 is divided by 17261?
7
Calculate the remainder when 237740 is divided by 5797.
63
Calculate the remainder when 68313 is divided by 67778.
535
Calculate the remainder when 69536 is divided by 1777.
233
What is the remainder when 704651 is divided by 58587?
1607
What is the remainder when 11376719 is divided by 790?
719
Calculate the remainder when 738671 is divided by 613.
6
What is the remainder when 6293985 is divided by 127?
119
What is the remainder when 56529566 is divided by 1378768?
78
Calculate the remainder when 7507 is divided by 776.
523
Calculate the remainder when 40084376 is divided by 90.
86
Calculate the remainder when 123595 is divided by 300.
295
What is the remainder when 12034468 is divided by 1117?
1027
Calculate the remainder when 2937303 is divided by 4304.
1975
Calculate the remainder when 24820525 is divided by 3265.
3260
What is the remainder when 190456 is divided by 650?
6
What is the remainder when 62010 is divided by 8464?
2762
Calculate the remainder when 3824714 is divided by 291.
101
Calculate the remainder when 5123711 is divided by 40.
31
Calculate the remainder when 246387 is divided by 800.
787
Calculate the remainder when 135814 is divided by 1542.
118
What is the remainder when 7687898 is divided by 1771?
1758
What is the remainder when 581772 is divided by 4441?
1
What is the remainder when 368685 is divided by 4442?
4441
What is the remainder when 78142 is divided by 7036?
746
What is the remainder when 7845492 is divided by 55?
17
What is the remainder when 91305206 is divided by 30?
26
Calculate the remainder when 21688921 is divided by 88.
1
Calculate the remainder when 123007771 is divided by 12.
7
What is the remainder when 39475 is divided by 1040?
995
Calculate the remainder when 156545 is divided by 34877.
17037
What is the remainder when 273454 is divided by 88940?
6634
What is the remainder when 444466 is divided by 221939?
588
What is the remainder when 29065 is divided by 14413?
239
Calculate the remainder when 9981993 is divided by 2170.
2163
What is the remainder when 26531263 is divided by 71706?
43
What is the remainder when 213348 is divided by 23676?
264
Calculate the remainder when 877442 is divided by 229.
143
What is the remainder when 7724579 is divided by 2862?
41
What is the remainder when 6269191 is divided by 124?
123
Calculate the remainder when 568699038 is divided by 16.
14
What is the remainder when 4972536 is divided by 6666?
6366
What is the remainder when 362414 is divided by 362381?
33
Calculate the remainder when 41948 is divided by 13621.
1085
What is the remainder when 547869 is divided by 119?
112
Calculate the remainder when 61425 is divided by 755.
270
Calculate the remainder when 9487 is divided by 1855.
212
Calculate the remainder when 172847 is divided by 24613.
556
What is the remainder when 9277608 is divided by 2832?
2808
What is the remainder when 53864 is divided by 2992?
8
What is the remainder when 239726 is divided by 24?
14
What is the remainder when 13128982 is divided by 3282185?
242
What is the remainder when 15612287 is divided by 538354?
21
Calculate the remainder when 37686306 is divided by 641.
634
Calculate the remainder when 1992711 is divided by 1992686.
25
What is the remainder when 173424586 is divided by 2509?
2506
Calculate the remainder when 181292182 is divided by 431648.
22
What is the remainder when 93477234 is divided by 298?
296
Calculate the remainder when 48464 is divided by 814.
438
Calculate the remainder when 47559 is divided by 469.
190
Calculate the remainder when 7014421 is divided by 1330.
1
What is the remainder when 442896 is divided by 229?
10
What is the remainder when 6617628 is divided by 1102933?
30
Calculate the remainder when 16405832 is divided by 5.
2
Calculate the remainder when 226070 is divided by 22521.
860
What is the remainder when 6737316 is divided by 6244?
40
What is the remainder when 1585996 is divided by 265?
236
What is the remainder when 550406 is divided by 55011?
296
Calculate the remainder when 17452 is divided by 1784.
1396
Calculate the remainder when 12809961 is divided by 14.
3
Calculate the remainder when 1008447 is divided by 939.
900
Calculate the remainder when 19984601 is divided by 629.
13
Calculate the remainder when 1096970 is divided by 337.
35
What is the remainder when 199829 is divided by 8891?
4227
What is the remainder when 17240380 is divided by 53211?
16
Calculate the remainder when 4271147 is divided by 988.
23
Calculate the remainder when 372533 is divided by 92980.
613
What is the remainder when 17022249 is divided by 1482?
1479
Calculate the remainder when 2329311 is divided by 286.
127
What is the remainder when 561240 is divided by 283?
51
Calculate the remainder when 5406842 is divided by 600760.
2
What is the remainder when 1353481 is divided by 52?
25
Calculate the remainder when 14926708 is divided by 7463348.
12
What is the remainder when 24214671 is divided by 1274456?
7
Calculate the remainder when 1390684 is divided by 565.
219
Calculate the remainder when 453982 is divided by 142.
8
Calculate the remainder when 58925 is divided by 7226.
1117
Calculate the remainder when 5596 is divided by 5203.
393
What is the remainder when 49210816 is divided by 318?
316
What is the remainder when 2035797 is divided by 3516?
33
Calculate the remainder when 3886088 is divided by 441.
437
What is the remainder when 427078 is divided by 427071?
7
What is the remainder when 6530663 is divided by 148423?
51
What is the remainder when 196689 is divided by 196442?
247
Calculate the remainder when 21136353 is divided by 69.
66
What is the remainder when 685204 is divided by 171211?
360
What is the remainder when 773627 is divided by 2204?
23
Calculate the remainder when 28558036 is divided by 53.
46
What is the remainder when 295598 is divided by 9235?
78
Calculate the remainder when 60323 is divided by 500.
323
What is the remainder when 2998935 is divided by 228?
51
Calculate the remainder when 11778161 is divided by 116.
101
What is the remainder when 495283 is divided by 247632?
19
What is the remainder when 13974153 is divided by 6987062?
29
What is the remainder when 797745860 is divided by 549?
548
What is the remainder when 2794578 is divided by 931525?
3
What is the remainder when 67737 is divided by 8444?
185
What is the remainder when 72855 is divided by 3831?
66
Calculate the remainder when 8643 is divided by 1254.
1119
Calculate the remainder when 48180 is divided by 1350.
930
What is the remainder when 5684753 is divided by 145762?
35
Calculate the remainder when 7355749 is divided by 2451892.
73
What is the remainder when 486136 is divided by 4766?
4
What is the remainder when 897651 is divided by 1799?
1749
Calculate the remainder when 1792460 is divided by 358474.
90
What is the remainder when 11479782 is divided by 2615?
2547
Calculate the remainder when 371703 is divided by 6521.
6
What is the remainder when 215303 is divided by 1635?
1118
What is the remainder when 16153 is divided by 151?
147
Calculate the remainder when 9962131 is divided by 9962125.
6
What is the remainder when 394398 is divided by 35839?
169
What is the remainder when 16614373 is divided by 22?